ctors of i(16)?
2, 11549
Suppose -4*z = 3 - 91. List the prime factors of 2001/12 + (z/(-8) - -3).
167
Let q = 651 + -817. Let i(w) = -104*w - 1. Let m be i(1). Let f = m - q. What are the prime factors of f?
61
Let i be (-2)/5 + (-136)/(-40). Suppose 3*v + 379 = 4*g, 0*v + 2*g = i*v + 371. Let z = v - -264. List the prime factors of z.
11, 13
Let c(o) = -86*o - 118. List the prime factors of c(-75).
2, 1583
Let i = -35 - -41. Suppose 21 = -9*g + i*g. Let y(t) = -9*t + 2. What are the prime factors of y(g)?
5, 13
Let y(c) = 31*c - 206. Let v be y(7). What are the prime factors of 280 + v/((-77)/49)?
3, 7, 13
Let j = 10460 + 604. What are the prime factors of j?
2, 3, 461
List the prime factors of (208/(-221))/(-16) + (-728072)/(-68).
3, 43, 83
Let t(d) be the second derivative of -17*d**5/60 - 5*d**4/4 + 10*d**3/3 - 11*d. Let j(u) be the second derivative of t(u). What are the prime factors of j(-4)?
2, 53
Let n(a) = -a**3 + 7*a**2 + 5*a - 3. Let g be n(7). List the prime factors of (-1257)/(-6) + 1 - 48/g.
11, 19
Let d(f) = -36*f + 96. Let z be d(-6). Let m be (194 - 1)/(9/18). Suppose -4*w + v = -3*v - z, -4*v = -5*w + m. List the prime factors of w.
2, 37
Let i(z) = -2*z**3 - 4*z**2 - 4*z - 4. Let p be i(-4). Let c be (-15)/5 + 4088/14. Let b = c - p. What are the prime factors of b?
3, 71
Suppose 0 = 3*r + 3*r - 7*r. Suppose r = -4*t - 75 - 13. List the prime factors of (-2959)/t + 2/(-4).
2, 67
Suppose -14*u + 661819 = 254713. List the prime factors of u.
3, 359
Suppose -34847 = -4*a + 5*r, -18933 - 7148 = -3*a - 4*r. List the prime factors of a.
3, 967
Let q = 6465 - -2006. What are the prime factors of q?
43, 197
Let d(f) = -6*f - 42. Let u be d(-8). What are the prime factors of 1624/u - (-176)/132?
2, 17
Let z = 18839 - 3503. What are the prime factors of z?
2, 3, 71
Suppose -5070 - 27490 = -2*t - 3*t. List the prime factors of t.
2, 11, 37
Let z be (-4)/(-1) + (-78)/13. Let g(j) = j + 7. Let f be g(z). Suppose f*m + 570 = 4*a, -4*m - 6 = 2. List the prime factors of a.
2, 5, 7
Let t(d) = 64*d - 395. List the prime factors of t(86).
3, 13, 131
What are the prime factors of (11096/(-365))/((-4)/170*4/52)?
2, 13, 17, 19
Suppose 5*v + 6 = 3*s + 2*v, 6 = 2*s - 3*v. Suppose 0*t - 34*t + 70516 = s. What are the prime factors of t?
2, 17, 61
Let a(n) = 94*n**2 + 13*n + 13. Let y be a(-1). Suppose -y = -b - u + 165, -3*u - 503 = -2*b. What are the prime factors of b?
2
Suppose c = -5*u + 65739 + 199959, -3*u = -2*c - 159424. List the prime factors of u.
2, 5, 2657
Suppose -y + 2*d + 7 = 0, 2*y - 7*y - 2*d = -59. Suppose -a = -y + 1. Let p = 17 - a. List the prime factors of p.
7
Let i(n) = n**2 + 6*n + 2. Let p be i(-7). Suppose 237 = p*q - 186. Suppose -497 = -5*r - q. List the prime factors of r.
2, 3, 5
Let f(l) = -12*l**3 + 8*l**2 + 70*l + 324. What are the prime factors of f(-10)?
2, 1553
Suppose -2*v + 13*v - 6160 = 0. Suppose -2*h = 2*s - v, -3*s = -0*s + h - 838. Suppose 6 = 2*j, 0*u + 3*u + 5*j = s. List the prime factors of u.
2, 11
Let t(m) = 7*m**2 - 5*m + 1. Let v be t(2). Let w(f) = -3*f - 44 + 28*f - 12*f. What are the prime factors of w(v)?
7, 29
Suppose -23*b + 66 = -25*b. Let s be 4*b*(-4)/8. List the prime factors of ((0 + 1)/1)/(3/s).
2, 11
Let c = -119993 - -170994. List the prime factors of c.
51001
Suppose 0 = 3*f - 3022 + 1204. Suppose f = -249*t + 251*t. What are the prime factors of t?
3, 101
Suppose 76 = 2*w - 0*k + 2*k, 5*w - 190 = 3*k. Let y = w - 33. Suppose t - 47 = -5*x, -t + 36 = -y*x - 21. What are the prime factors of t?
2, 13
Suppose 287 = 6*w - 2*w - b, 3*b = -5*w + 363. Let h = w - 0. Let t = h - 69. List the prime factors of t.
3
Let p = -11165 - -17084. What are the prime factors of p?
3, 1973
Suppose 1 = 3*o + 3*j + 4, -j + 7 = 3*o. Suppose 4*v = 5*q - 208, 2*q - o*v + 188 = 6*q. Let d = 83 - q. What are the prime factors of d?
3, 13
Let g = 11999 + -4585. What are the prime factors of g?
2, 11, 337
Let a = -712 - -31893. List the prime factors of a.
31181
Let t = 19331 - 10665. What are the prime factors of t?
2, 7, 619
Suppose j - 6*y = -2*y + 1382, -4*j + 5612 = 5*y. Let q = j + -914. What are the prime factors of q?
2, 11
Let g(c) = 21*c**3 - 13*c**2 + 10*c + 2. Let i be g(1). List the prime factors of -14 + 2115/150 + 9598/i.
2, 3, 5
Suppose 2*f - 7 - 3 = 2*u, 2*u + 11 = 3*f. Let t = u - -23. Suppose -7*i = -138 + t. What are the prime factors of i?
17
What are the prime factors of ((-3)/30)/(92/(-18559160))?
20173
Suppose -129 - 97 = -v. Let w = v - -228. List the prime factors of w.
2, 227
Suppose 0 = 6*k - 11*k. Suppose k = -11*y + 7*y + 804. Let r = -136 + y. List the prime factors of r.
5, 13
Let s = -11 - -19. Let q = -8 + s. Suppose q = y - 37 - 43. What are the prime factors of y?
2, 5
Let q = -618 + 648. What are the prime factors of q/5 + (-1 - 2) + 1174?
11, 107
Let l = -3643 - -21292. What are the prime factors of l?
3, 37, 53
Let m = 23263 + -9786. What are the prime factors of m?
13477
Let c(v) = -19*v + 72 + 6*v - 11*v - 14*v. Let o be c(15). Let u = -305 - o. What are the prime factors of u?
193
Let z = 36 - 36. Suppose z = -4*b - 20 + 92. Suppose 0 = -b*k + 15*k + 276. List the prime factors of k.
2, 23
Suppose 182*z - 183*z = -2. Suppose -5*l + 434 = 4*v, 0 = z*v + v + 2*l - 329. List the prime factors of v.
3, 37
Suppose -2 = 5*s - 17. Suppose -s*j = -5*j - 2. Let v(a) = 76*a**2 + 3*a + 1. What are the prime factors of v(j)?
2, 37
Suppose -3*q - 2 = -w + 2, 2*w - 4*q = 12. Let x = w + 256. What are the prime factors of x?
2, 7, 19
Let q be 2*(-9)/90 + (-131392)/(-10). Suppose 27*l - q = 6490. What are the prime factors of l?
727
Suppose -3*z + 588 = 3*h, 4*z + 5*h + 202 = 990. Let j = 306 - z. Suppose -11*f + 1030 = -j. List the prime factors of f.
2, 13
What are the prime factors of (5414 - (-9 + 12/12))/((-4)/(-10))?
5, 2711
Let i be 1/(-3) - 260/(-78). Suppose -2*d - 1542 = -4*f, -8*f + i*f + 1924 = d. What are the prime factors of f?
5, 7, 11
Suppose 0 = 36*s - 31*s + 80. Let h be s/40 - 14404/(-10). Suppose -11*z + h + 958 = 0. What are the prime factors of z?
2, 109
Let j(q) = 43*q + 1365. What are the prime factors of j(93)?
2, 3, 149
Let b(z) = 102*z + 139. Let u = 72 + -62. What are the prime factors of b(u)?
19, 61
What are the prime factors of 5482*(12 - 11) + (0 - 8)?
2, 7, 17, 23
Suppose -6*d = 2*d + 24. Let m(y) = 72*y**2 - 9*y - 5. What are the prime factors of m(d)?
2, 5, 67
Let l = 10364 - 938. What are the prime factors of l?
2, 3, 1571
Suppose -m = -5*o + o - 1286, -3*m = -4*o - 3858. Suppose 5*h = -4*s + m, s + 504 = 5*h - 3*h. Let k = -114 + h. List the prime factors of k.
2, 5, 7
Suppose h + 4*h = c + 7, -6 = -2*c. Suppose 2*w - 7 = -0*y - 5*y, 0 = -2*y - 2. Suppose 5*k - w*i = -h*i + 694, -i + 288 = 2*k. List the prime factors of k.
2, 71
Let d = -27 + 27. Let l be 2/(8/(-28) - d). Let y(r) = 2*r**2 - 10*r - 10. List the prime factors of y(l).
2, 79
Let g = -5903 + 30907. Suppose -g = -49*l + 4739. List the prime factors of l.
607
Let b be -3*(-17)/9*-15. Let a = b - -79. What are the prime factors of ((-308)/a)/(-1)*-3?
2, 7, 11
Let v be 7*(4/6 - (-20)/(-84)). Suppose 2*h - 1263 = u - 4*u, 0 = -v*u - 4*h + 1269. List the prime factors of u.
419
Suppose 10*r + 30602 = -16*r. Let v = r - -1694. List the prime factors of v.
11, 47
Suppose -4*r = -25 - 135. Suppose 0 = -d - 4*m - r, 3*m - 4*m + 44 = -2*d. Let j(l) = -6*l - 38. List the prime factors of j(d).
2, 53
Suppose -y - v + 6 = 0, 3*y - 2*v + 14 = 3*v. What are the prime factors of 210/(-63)*(-1)/(y/219)?
5, 73
Let j(h) = -4*h**2 + 13*h + 10. Let w(i) = -3*i**2 + 12*i + 11. Let d(b) = 2*j(b) - 3*w(b). List the prime factors of d(22).
251
Let g = -1835 + 3327. What are the prime factors of g?
2, 373
Suppose 5*f + p + 19 = -70, 4*p + 67 = -3*f. Let x be ((-17)/(-3) - 0) + f/(-51). Suppose -822 = -x*k + 3*k. List the prime factors of k.
2, 137
Let v = 123 - 188. Let u(b) = -b**3 - 2*b**2 + 8*b + 9. Let t be u(-6). Let w = v + t. What are the prime factors of w?
2, 5
What are the prime factors of 0 + 4067/2*408/238?
2, 3, 7, 83
Suppose -2*h + 6 = -p, 2*h + 4*p = 14 + 12. Suppose -2*k + h*k = -4*d + 596, -k = -d + 149. What are the prime factors of d?
149
Suppose 2*g + 24 - 64 = -5*n, 0 = 3*g + 4*n - 5